{"id":5333,"date":"2023-12-26T17:09:52","date_gmt":"2023-12-26T22:09:52","guid":{"rendered":"https:\/\/www.shalatinoamerica.com\/web\/?page_id=5333"},"modified":"2023-12-26T17:09:52","modified_gmt":"2023-12-26T22:09:52","slug":"unete","status":"publish","type":"page","link":"https:\/\/www.shalatinoamerica.com\/web\/unete\/","title":{"rendered":"\u00danete a nosotros"},"content":{"rendered":"<div id='av_section_1' class='avia-section main_color avia-section-no-padding avia-no-border-styling avia-full-stretch av-section-color-overlay-active avia-bg-style-scroll  avia-builder-el-0  el_before_av_hr  avia-builder-el-first    container_wrap sidebar_right' style='background-repeat: no-repeat; background-image: url(https:\/\/i0.wp.com\/www.shalatinoamerica.com\/web\/wp-content\/uploads\/2023\/12\/unete.png?fit=1806%2C958&ssl=1);background-attachment: scroll; background-position: center center;  margin-top:0px; margin-bottom:0px; '  data-section-bg-repeat='stretch'><div class='av-section-color-overlay-wrap'><div class='av-section-color-overlay' style='opacity: 0.6; background-color: #000000; '><\/div><div class='container' ><main  role=\"main\" itemprop=\"mainContentOfPage\"  class='template-page content  av-content-small alpha units'><div class='post-entry post-entry-type-page post-entry-5333'><div class='entry-content-wrapper clearfix'>\n<div  class='hr hr-default   avia-builder-el-1  el_before_av_heading  avia-builder-el-first '><span class='hr-inner ' ><span class='hr-inner-style'><\/span><\/span><\/div>\n<div style='padding-bottom:0px; color:#ffffff;font-size:40px;' class='av-special-heading av-special-heading-h1 custom-color-heading blockquote modern-quote modern-centered  avia-builder-el-2  el_after_av_hr  el_before_av_hr   av-thin-font av-inherit-size '><h1 class='av-special-heading-tag '  itemprop=\"headline\"  ><strong>\u00danete a nosotros<\/strong><\/h1><div class ='av-subheading av-subheading_below av_custom_color ' style='font-size:15px;'><p>Si tienes <strong>alta capacidad profesional y solida calidad humana<\/strong>, queremos que est\u00e9s con nosotros. Revisa ac\u00e1 las posiciones laborales que se encuentran disponibles.<\/p>\n<\/div><div class='special-heading-border'><div class='special-heading-inner-border' style='border-color:#ffffff'><\/div><\/div><\/div>\n<div  class='hr hr-default   avia-builder-el-3  el_after_av_heading  avia-builder-el-last '><span class='hr-inner ' ><span class='hr-inner-style'><\/span><\/span><\/div>\n<\/div><\/div><\/main><!-- close content main element --><\/div><\/div><\/div><div id='after_section_1' class='main_color av_default_container_wrap container_wrap sidebar_right' style=' '  ><div class='container' ><div class='template-page content  av-content-small alpha units'><div class='post-entry post-entry-type-page post-entry-5333'><div class='entry-content-wrapper clearfix'>\n<div style='height:8px' class='hr hr-invisible   avia-builder-el-4  el_after_av_section  el_before_av_layout_row  avia-builder-el-no-sibling  '><span class='hr-inner ' ><span class='hr-inner-style'><\/span><\/span><\/div>\n<\/div><\/div><\/div><!-- close content main div --><\/div><\/div><div id='av-layout-grid-1' class='av-layout-grid-container entry-content-wrapper main_color av-flex-cells     avia-builder-el-5  el_after_av_hr  el_before_av_section  submenu-not-first container_wrap sidebar_right' style=' '  >\n<div class=\"flex_cell no_margin av_one_half  avia-builder-el-6  el_before_av_cell_one_half  avia-builder-el-first   \" ><div class='flex_cell_inner' ><div class='avia-image-container  av-styling-circle av-hover-grow noHover  av-overlay-hover-deactivate   avia-builder-el-7  avia-builder-el-no-sibling   avia-align-center '  itemprop=\"image\" itemscope=\"itemscope\" itemtype=\"https:\/\/schema.org\/ImageObject\"  ><div class='avia-image-container-inner'><div class='avia-image-overlay-wrap'><a href='https:\/\/www.shalatinoamerica.com\/web\/recruitment10\/' class='avia_image'  ><div class='av-image-caption-overlay'><div class='av-caption-image-overlay-bg' style='opacity:0.4; background-color:#000000; '><\/div><div class='av-image-caption-overlay-position'><div class='av-image-caption-overlay-center' style='color:#ffffff; '><p>Bombero Industrial<\/p>\n<\/div><\/div><\/div><img class='avia_image ' src='https:\/\/i0.wp.com\/www.shalatinoamerica.com\/web\/wp-content\/uploads\/2023\/12\/BomberoIndustrial500px.png?fit=300%2C300&ssl=1' alt='' title='BomberoIndustrial500px'  itemprop=\"thumbnailUrl\"  \/><\/a><\/div><\/div><\/div>\n<\/div><\/div><div class=\"flex_cell no_margin av_one_half  avia-builder-el-8  el_after_av_cell_one_half  avia-builder-el-last   \" ><div class='flex_cell_inner' ><\/div><\/div><\/div><div id='av_section_2' class='avia-section main_color avia-section-no-padding avia-no-border-styling avia-bg-style-scroll  avia-builder-el-9  el_after_av_layout_row  el_before_av_section    container_wrap sidebar_right' style=' margin-top:0px; margin-bottom:0px; '  ><div class='container' ><div class='template-page content  av-content-small alpha units'><div class='post-entry post-entry-type-page post-entry-5333'><div class='entry-content-wrapper clearfix'>\n<section class=\"av_textblock_section \"  itemscope=\"itemscope\" itemtype=\"https:\/\/schema.org\/CreativeWork\" ><div class='avia_textblock  '   itemprop=\"text\" ><p style=\"text-align: center;\"><strong><span class=\"OYPEnA text-decoration-none text-strikethrough-none\">SHA Latinoamerica <\/span><\/strong><span class=\"OYPEnA text-decoration-none text-strikethrough-none\">no acepta ning\u00fan tipo de discriminaci\u00f3n, ya sea: laboral, religiosa, pol\u00edtica, sexual, \u00e9tnica, o cualquier otra. <\/span><\/p>\n<p style=\"text-align: center;\"><span class=\"OYPEnA text-decoration-none text-strikethrough-none\">Defendemos y respetamos la integridad del ser humano en todas sus formas.<\/span><\/p>\n<\/div><\/section>\n<\/p>\n<\/div><\/div><\/div><!-- close content main div --><\/div><\/div><div id='plugin-header' class='avia-section main_color avia-section-no-padding avia-no-border-styling av-section-color-overlay-active avia-bg-style-scroll  avia-builder-el-11  el_after_av_section  avia-builder-el-last    container_wrap sidebar_right' style='background-color: #f1f1f1; background-repeat: no-repeat; background-image: url(https:\/\/i0.wp.com\/www.shalatinoamerica.com\/web\/wp-content\/uploads\/2019\/12\/Bird-Phrase.png?fit=1920%2C1080&ssl=1);background-attachment: scroll; background-position: center center;  margin-top:0px; margin-bottom:0px; '  data-section-bg-repeat='no-repeat'><div class='av-section-color-overlay-wrap'><div class='av-section-color-overlay' style='opacity: 0.7; background-color: #0d47a1; '><\/div><div class='container' ><div class='template-page content  av-content-small alpha units'><div class='post-entry post-entry-type-page post-entry-5333'><div class='entry-content-wrapper clearfix'>\n<div style='padding-bottom:0px; color:#ffffff;font-size:40px;' class='av-special-heading av-special-heading-h1 custom-color-heading blockquote modern-quote modern-centered  avia-builder-el-12  avia-builder-el-no-sibling   av-thin-font av-inherit-size '><h1 class='av-special-heading-tag '  itemprop=\"headline\"  >\u00ab<strong>Las grandes cosas<\/strong> en los negocios nunca las hace una sola persona. Est\u00e1n hechos por un equipo de personas.\u00bb<\/h1><div class ='av-subheading av-subheading_below av_custom_color ' style='font-size:15px;'><p>Steven Paul Jobs 1955-2011. Empresario Estadounidense y Fundador de Apple Inc.<\/p>\n<\/div><div class='special-heading-border'><div class='special-heading-inner-border' style='border-color:#ffffff'><\/div><\/div><\/div>\n<\/div><\/div><\/div><!-- close content main div --><\/div><\/div><\/div><div id='after_section_3' class='main_color av_default_container_wrap container_wrap sidebar_right' style=' '  ><div class='container' ><div class='template-page content  av-content-small alpha units'><div class='post-entry post-entry-type-page post-entry-5333'><div class='entry-content-wrapper clearfix'>\n","protected":false},"excerpt":{"rendered":"","protected":false},"author":2,"featured_media":0,"parent":0,"menu_order":0,"comment_status":"closed","ping_status":"closed","template":"","meta":{"_joinchat":{"telephone":"+14692423697"},"footnotes":""},"class_list":["post-5333","page","type-page","status-publish","hentry"],"jetpack_sharing_enabled":true,"jetpack_likes_enabled":false,"_links":{"self":[{"href":"https:\/\/www.shalatinoamerica.com\/web\/wp-json\/wp\/v2\/pages\/5333","targetHints":{"allow":["GET"]}}],"collection":[{"href":"https:\/\/www.shalatinoamerica.com\/web\/wp-json\/wp\/v2\/pages"}],"about":[{"href":"https:\/\/www.shalatinoamerica.com\/web\/wp-json\/wp\/v2\/types\/page"}],"author":[{"embeddable":true,"href":"https:\/\/www.shalatinoamerica.com\/web\/wp-json\/wp\/v2\/users\/2"}],"replies":[{"embeddable":true,"href":"https:\/\/www.shalatinoamerica.com\/web\/wp-json\/wp\/v2\/comments?post=5333"}],"version-history":[{"count":6,"href":"https:\/\/www.shalatinoamerica.com\/web\/wp-json\/wp\/v2\/pages\/5333\/revisions"}],"predecessor-version":[{"id":5358,"href":"https:\/\/www.shalatinoamerica.com\/web\/wp-json\/wp\/v2\/pages\/5333\/revisions\/5358"}],"wp:attachment":[{"href":"https:\/\/www.shalatinoamerica.com\/web\/wp-json\/wp\/v2\/media?parent=5333"}],"curies":[{"name":"wp","href":"https:\/\/api.w.org\/{rel}","templated":true}]}}